*i**2 + 4*i**3 + 3*i**2. Let v be (-3)/12 - (-17)/4. Let q be v*(5/4 + -1). Calculate y(q).
9
Let i(d) = -d**3 + 5*d**2 - d + 4. Suppose 0 = f - 0*f - 4. Suppose -f*c - 18 = -2. Let q be 3/12 + (-19)/c. Calculate i(q).
-1
Let s(u) be the third derivative of -u**5/60 - 7*u**4/24 + u**3/6 + 14*u**2. What is s(-5)?
11
Let f be (-33)/(-9) - 6/9. Let c be (f/3)/(-2 + 1). Let v(w) = 21*w - 11. Let u(j) = 10*j - 5. Let k(g) = -9*u(g) + 4*v(g). Determine k(c).
7
Let c(v) = -2*v**2 + 7*v + 3. Let n(r) = 5*r**2 - 14*r - 6. Let l(p) = 7*c(p) + 3*n(p). Determine l(-7).
3
Let j(n) = n**3 - 51 - 55 - n**2 + 107 + 3*n**2 - 2*n. Determine j(1).
2
Let g(u) be the first derivative of 4 - 1/2*u**2 + 8*u - 1/3*u**3. Calculate g(0).
8
Let w(s) = -3*s**3 - 3*s**2. Let q(x) = 8*x**3 + 8*x**2 - 1. Let y(b) = -5*b + 1. Let l be y(-2). Let r(k) = l*w(k) + 4*q(k). Determine r(0).
-4
Let a(m) = 0*m + 0*m - 13 + 2*m - 4*m. Let n(f) = f + 7. Let b(v) = -6*a(v) - 11*n(v). Determine b(0).
1
Let i(w) be the second derivative of -w**4/12 - w**3/3 - w**2 - w. Let t be -1*(-2)/(-1) + 4. Suppose -t*l - 12 = 2*l. Give i(l).
-5
Let p(c) = -c**2 - 4*c + 6. Let f(v) = -v. Let x be (-1)/((8/(-10))/4). Let o be f(x). Calculate p(o).
1
Let a(u) be the third derivative of -2*u**2 + 1/6*u**3 - 1/12*u**4 + 1/60*u**5 + 0*u + 0. Calculate a(2).
1
Let a be 2 - 0/(0 + 3). Let g(n) = -a - 4*n - n**2 + 4*n + 6*n. What is g(4)?
6
Let q(o) be the second derivative of -o**4/12 + 5*o**3/6 - o**2 + 3*o. Suppose -5*y + d + 16 = 0, 5 = y + 5*d - 19. What is q(y)?
2
Let c be ((0/1)/(-1))/(-1). Suppose c = p - 6*p + 25. Let d(z) = 0*z**2 - 6*z**2 + 6*z + z**3 + 3 + 2. What is d(p)?
10
Let v be 3 - (5 - 2)*-1. Suppose v*b + 20 = b. Let h(c) = c - 4. Give h(b).
-8
Let g(y) = 1. Let r be (7 - 4) + -1*2. Let m(n) = n + 5. Let i(z) = r*m(z) - 2*g(z). Give i(3).
6
Let c = 15 - -27. Suppose c - 5 = q. Let l be 4/14 + q/(-7). Let i(g) = 2*g + 7. Determine i(l).
-3
Let v(x) = -2 - 147*x + 68*x + 76*x + 1. Give v(2).
-7
Let x(h) = h**2 + 8*h + 9. Let t be x(-7). Let u(y) = -2*y - 8. Let s be u(-6). Let n(i) = 0*i - s*i**2 + 5*i + i**2 + t*i**2 + 6. Give n(6).
0
Let s(z) = z**2 + 6. Let u be s(0). Let y(w) be the third derivative of 0*w + w**2 - 1/12*w**4 + 0 + w**3. Calculate y(u).
-6
Suppose p = 5*p - 12, p = 5*t + 18. Let r(h) = h**3 + h**2 - 4*h - 1. What is r(t)?
-7
Suppose -30 = -17*m + 12*m. Suppose 7*x = 9*x - m. Let r(w) = w**3 - 4*w**2 + 4. What is r(x)?
-5
Suppose -1 = 4*x - 13. Let r(h) = 5*h - 3. Calculate r(x).
12
Let o(g) be the second derivative of -g**5/20 - 5*g**4/12 + g**3 - 3*g**2 - 8*g. Calculate o(-6).
-6
Let x(k) = k**3 - 1. Let a(p) = 2*p - 10. Let n be a(4). Calculate x(n).
-9
Let p(l) = -4*l + 1. Let o(c) be the third derivative of c**5/30 + 7*c**4/24 + c**3 - 2*c**2. Let q be o(-4). Suppose -q = 5*y - 5. Give p(y).
5
Let s(y) = y + 15 - 3*y**2 - 9 + 2*y**2. Suppose j = -j. Let r(v) = -v. Let a be r(j). Give s(a).
6
Let c(g) = -2*g**2 - g**3 - 3*g**2 + 4*g**2 - 5*g**2 + 2. Let r be c(-6). Let d(q) = -4*q. What is d(r)?
-8
Let c = 46 - 46. Let i(u) = u**3 + u**2 - 6*u - 1. Let s(g) = g. Let n(m) = -i(m) - 5*s(m). Calculate n(c).
1
Suppose 4*h + k + 5 = 0, 4*h - k = 4*k - 23. Let v(d) = -d - 1. Give v(h).
1
Let d(a) = 5*a + 26 - 24 - a. What is d(2)?
10
Let f(r) = -2 - 1 + r + 2*r - 2*r. Let a = -4 - -8. Let z = 8 - a. Give f(z).
1
Let v(w) = w**3 - 4*w**2 + 11*w - 8. Let q(s) = -2*s**3 + 7*s**2 - 23*s + 17. Let x(o) = -3*q(o) - 7*v(o). Give x(5).
15
Let h(b) be the third derivative of -b**4/24 + 11*b**3/6 + b**2. Suppose -7*p + 3*p = -24. What is h(p)?
5
Let a(d) = 23*d - 29. Let w(b) = -4*b + 5. Let k(p) = -6*a(p) - 34*w(p). Give k(-3).
10
Suppose 18*t - 13*t = -50. Let b(v) = v**3 + 9*v**2 - 9*v + 6. Determine b(t).
-4
Let a be 16/(-4)*(-2 - -1). Let w(d) be the third derivative of 0*d + d**2 + 1/12*d**5 + 5/6*d**3 - 1/120*d**6 + 0 - 1/4*d**4. What is w(a)?
-3
Let t(g) = -g**3 + 9*g**2 - 2*g + 6. Let f(l) = l**3 - l**2 + l. Let m(n) = -2*f(n) - t(n). Calculate m(-7).
-6
Let o(u) be the second derivative of u**8/6720 - u**7/2520 - u**5/24 + u**4/12 + u. Let b(z) be the third derivative of o(z). Let i = 49 + -49. Give b(i).
-5
Suppose -24 = -3*p - 3*w - 0*w, -4*w + 8 = 0. Suppose p*j = 2*j + 16. Let h(c) = -c**2 + c + 3. What is h(j)?
-9
Let s be 4 - -2*3/6. Let o = s + 0. Suppose -3*a - h = -8, 6*a - 29 = 2*a - o*h. Let x(l) = -5*l**2 - l + 1. Calculate x(a).
-5
Suppose 0*z + 6 = -3*z, 0 = -3*w - 3*z. Let h(j) = 0*j**w - 5*j - 4*j**2 + 3*j**3 - 11 - 2*j**3 + 6. Give h(5).
-5
Let x(s) = -s**2 + 3*s + 2. Let c be 224/(-22) + 22/121. Let h = 13 + c. Calculate x(h).
2
Let y(s) = s + 4. Suppose w - 12 = -3*q, -2*q - q = 3*w - 12. Determine y(q).
8
Let w(y) = y. Let i(o) = -o**2 - 2*o + 1. Let h(r) = i(r) + 6*w(r). Suppose -45 = -5*g - 4*p, 3*p + 5 = -g + 25. Determine h(g).
-4
Let u be (-1 - 0)*(-27 - -31). Let k(p) = p + 3. Give k(u).
-1
Let y(t) be the first derivative of t**6/360 - t**5/20 + t**4/4 - 5*t**3/3 + 2. Let w(g) be the third derivative of y(g). Calculate w(4).
-2
Let d(r) = r**2 - 2*r - 3. Suppose -4*h = -5*n + 41, 5*n - 2*n = -h - 6. Let j = -4 - h. Let i = j - 2. Calculate d(i).
0
Let w(n) = -n**2 - 5. Let k(g) = g + 1. Suppose 3*y - 5*x = -y - 7, 5*x = 15. Suppose -b - 3 = -y. Let d be k(b). Give w(d).
-5
Let z be ((-15)/(-3))/(0 + 1). Let h(c) = -z*c**2 + 0*c + 0*c - 4*c**2 + c. Determine h(-1).
-10
Let i(d) = -2*d**3 - 3*d**2 - 2*d. Suppose 0 = g + 5*c - 25, g - 12 = -4*c + 8. Suppose 3*p = 5*b + 4, -4*b + 5*p + 2 + g = 0. Give i(b).
8
Let x(q) = q. Let j(p) = -p**2 + 5*p + 4. Let t be j(5). Suppose 17 = t*y - 3. Give x(y).
5
Let x(q) = q**2 - 4. Let b(k) = -2*k + 15. Let u be b(6). Give x(u).
5
Suppose -5*a + 3*b + 40 = 0, 0 = -3*a - 2*b + 7*b + 40. Let r(w) = 1 - 9*w + a*w + 2*w. What is r(1)?
-1
Let h(m) = -m - 1. Suppose 0 = 5*t + 3*f - 41, -2*t - 3*f + 13 = -t. Determine h(t).
-8
Let i(b) = 14*b + 13. Let a be i(-1). Let h(p) = 5*p**2 - p. Give h(a).
6
Let w(d) = 2 + 0 - d - 4. Let i be (3 + (2 - 6))/((-1)/(-4)). What is w(i)?
2
Let n(v) = v + 0*v + v**2 - 2*v - 2*v - 2. Determine n(5).
8
Let a(b) = 9 - 3 + 1 + 6*b - 2. Calculate a(-4).
-19
Let h(c) = 2*c**2 + 9*c + 2. Let k(q) = -q**2 - 8*q - 3. Let o(f) = -2*h(f) - 3*k(f). Give o(6).
5
Suppose w + 2*m - 12 - 4 = 0, 0 = -w + 2*m - 4. Let b(z) = z**2 - 7*z. Calculate b(w).
-6
Let h(i) = i**3 - i**2 - i + 15. Suppose 3*a = a. Give h(a).
15
Suppose -35 = 5*g + 4*x, g + 3*x - x + 13 = 0. Let f = g + 3. Let u(w) = w**2 - 4. What is u(f)?
-4
Let s(y) = y - 5. Let q(a) = -2*a**3 + 3*a + 3. Let m be q(-2). Let v be s(m). Let i(f) = -3*f + v - 5 + f. Give i(3).
-3
Let w(u) be the second derivative of -u**7/2520 - u**6/180 + u**5/40 + u**4/6 - 4*u. Let j(d) be the third derivative of w(d). Give j(-5).
-2
Let a(g) = -2*g + 3 - g + 2*g. Let l be (-16)/(-9) + (-12)/(-54). Suppose l*t = -3*f + 13, 10 = 2*t - t + 5*f. Determine a(t).
-2
Let h(y) = y**3 - 1 + 1 - 17*y - 3 + 13*y. Let t = 14 + -5. Suppose x - 3*x + 5*n - t = 0, 4*x = n - 9. What is h(x)?
-3
Let m(k) = -2*k**3 - 5*k**2 + 3*k - 3. Let s be m(-3). Let b(g) = g**3 + 3*g**2 - g - 3. Determine b(s).
0
Let l(z) be the third derivative of z**4/24 - 7*z**3/6 + 3*z**2. Determine l(6).
-1
Let z(a) = -a + 5. Let t(f) = f + 6. Let u(r) = r + 6. Let w = 1 + 2. Let c(q) = w*t(q) - 2*u(q). Let b be c(-6). What is z(b)?
5
Let h(x) be the second derivative of x**5/20 - 5*x**4/12 + x**3/6 - 86*x. Suppose -5*g + 3 = -42. Let b = -4 + g. Calculate h(b).
5
Let m(k) = 2*k**3 - 3*k**2 + 3*k + 2. Let g(a) = -2*a**3 + 3*a**2 - 3*a - 3. Let d(t) = 4*g(t) + 5*m(t). What is d(2)?
8
Let l(q) = -q**3 + 10*q**2 + 7*q + 7. Let t(w) = -w**2 - 1. Let o(a) = -l(a) - 3*t(a). Determine o(8).
4
Let i(o) = -7*o**2 - 19*o - 17. Let j(z) = 3*z**2 + 9*z + 8. Let b be ((-7)/2 + 1)*-2. Let a(l) = b*j(l) + 2*i(l). Give a(-4).
-6
Suppose 3*o + 5*v = -11, 0 = -3*o - o + 3*v - 63. Let x = o + -25. Let y be x/(-7) - 2/7. Let h(w) = -w**2 + 3*w + 5. Determine h(y).
-5
Let i(k) = 8*k - 2. Let d(u) = -7*u + 2. Let x(o) = -6*d(o) - 5*i(o). Determine x(3).
4
Let r(a) = -2*a**2 - 4*a. Let w(o) = -2*o**2 - 4*o. Let l(u) = 7*r(u) - 6*w(u). Let b be 15/5*1/(-1). Determine l(b).
-6
Suppose -w = -2*w + 5*w. Let o(n) be the t